9)?
2, 3
Let u be ((-3)/2)/(6/(-8)). Let k be (-15)/(-5 - -2) - u. Suppose 2*g = -10, -k*d + 62 - 11 = -3*g. List the prime factors of d.
2, 3
Let d = 54 - 95. Let u = -73 - d. List the prime factors of 3/(-2)*u/6.
2
What are the prime factors of (20 - 5)/(3/4)?
2, 5
Let h(l) be the third derivative of l**5/60 - l**4/6 - 8*l**3/3 - 9*l**2. What are the prime factors of h(10)?
2, 11
Let z(o) = 3*o**2 + 3*o. Let c be z(-2). Suppose -4*k = -c*k + 14. List the prime factors of k.
7
Let f = -161 + 341. Suppose -3*m - f = -7*m. List the prime factors of m.
3, 5
Let q be 58/(-5) - (-4)/(-10). Let i = -6 - q. What are the prime factors of i?
2, 3
Suppose -5*m = -561 - 504. What are the prime factors of m?
3, 71
Suppose 0*v - v = 6. Let t = -3 - v. Suppose 0 = -0*x - t*x + 57. What are the prime factors of x?
19
Let x = 18 - 6. Let v = x + 13. List the prime factors of v.
5
Suppose -m + 9 = -6. Let s be (-1)/(27/m - 2). Suppose 3*a - s - 1 = 0. What are the prime factors of a?
2
Let g(o) = -11*o**2 + 3*o + 29. Let w(j) = -4*j**2 + j + 10. Let k(h) = 6*g(h) - 17*w(h). What are the prime factors of k(-3)?
19
Let h(g) = g**2 - g - 4. Let l be h(3). List the prime factors of l*3*(-5)/(-10).
3
Let g be (-2)/(-5) + (-4)/10. Let x be (g - (-2 + 3))*-15. List the prime factors of x/1*1/3.
5
Suppose 2*d + 5*k - 552 = -45, -3*d + 732 = -2*k. List the prime factors of d.
2, 3, 41
Let w(f) = 66*f - 8. List the prime factors of w(2).
2, 31
List the prime factors of 15/10*-2 - (-86)/1.
83
Suppose 5*u - 286 + 1 = 0. What are the prime factors of u?
3, 19
Let v(x) = 4*x + 17. Let u(d) = d + 6. Let a(s) = -8*u(s) + 3*v(s). List the prime factors of a(3).
3, 5
Suppose 0 = 5*c - 2*f - 16, 4*c + c - 3*f - 19 = 0. List the prime factors of (2/(-5))/(c/(-20)).
2
What are the prime factors of (34/5)/(1/5)?
2, 17
Let d = 3 + 0. Suppose 2*k + d - 1 = 3*n, -3*k = n + 3. Suppose 3*v = -4*l - n*l + 33, -5*v + 2*l + 55 = 0. What are the prime factors of v?
11
Let b = 351 - 183. What are the prime factors of b?
2, 3, 7
Let m = 9 - 13. Let g = 4 - m. List the prime factors of g.
2
Let b(k) = -4 - 9*k**2 - k**3 + 3 - 7 + 8*k - 4. List the prime factors of b(-10).
2
Suppose l - 4 = -l. Suppose -4*x + 16 = -l*x. List the prime factors of x.
2
Let j(h) = 2*h**2 + h + 2. Let z(m) = m**3 - 4*m + 3. Let y be z(2). List the prime factors of j(y).
23
Suppose v = 3*v + 48. Let z = 44 + v. List the prime factors of z.
2, 5
Let t(q) = -q**3 + 15*q**2 + 8*q. List the prime factors of t(15).
2, 3, 5
Let s be ((-30)/(-21))/((-2)/(-14)). Suppose 2*b - s = 10. List the prime factors of b.
2, 5
List the prime factors of (-3)/18 - 1410/(-36).
3, 13
Let j be (1/2)/(1/4). Suppose 0 = -t - g + 1, 3*t = -j*t - 3*g + 5. List the prime factors of ((-18)/(-21))/(t/14).
2, 3
Suppose 0*m + 83 = 2*m + f, -2*m + 86 = -2*f. List the prime factors of m.
2, 3, 7
Let i(y) = 4*y + 0*y - 4*y - 5*y**3 - 2*y - y**2 - 1. List the prime factors of i(-1).
5
Let m(o) = -o**3 + o**2 - o - 3. Let u be m(0). Let t(v) = -v**3 - 2*v**2 + v - 1. Let c be t(u). Let d = 7 - c. List the prime factors of d.
2
Let m(l) = l - 5. Let h be m(8). Let c be (-3 + -3)*(-1)/h. Suppose 2*f - a + 4*a = -3, -4*f + 34 = -c*a. What are the prime factors of f?
2, 3
Let l(a) = -a**3 + 6*a**2 + 5*a + 7. What are the prime factors of l(6)?
37
List the prime factors of (-21 - -2)/(1/((-1)/1)).
19
Let o = -345 + 488. List the prime factors of o.
11, 13
Let h be (-4)/(-8) + (-1)/2. Suppose h = 5*d - d. Suppose 3 = -d*z + z. What are the prime factors of z?
3
Suppose 5*s = -c + 55, 0*c + 4*c - 235 = -5*s. What are the prime factors of c?
2, 3, 5
Let u be 44/10 + 4/(-10). Let g(p) = -p**2 + 3*p + 4. Let n be g(u). Let v = n + 7. What are the prime factors of v?
7
Let b = 13 - 8. Suppose -5 - 15 = -4*s. Suppose 2*w = s*c + w - 44, -c + b*w = -4. List the prime factors of c.
3
Let f = 2 + -1. List the prime factors of 2 - 1 - -10 - f.
2, 5
Suppose 3*k = -0 + 9. Suppose 0 = 5*d - k*f - 38, -2*d + f + 4 + 11 = 0. List the prime factors of d.
7
Let i = 180 - 127. List the prime factors of i.
53
Let i(n) = 51*n - 2. Suppose 4*g = x, 5*x = 5*g - 3*g + 18. List the prime factors of i(g).
7
Suppose 25 = -2*g + b, -b = 5*g - 5 + 57. Let q = -3 - g. Suppose -4*i + q + 8 = 0. List the prime factors of i.
2
Let r be (-1)/1*(0 - 25). Let o = -61 - -43. Let t = r + o. What are the prime factors of t?
7
Let t(x) be the second derivative of -x**4/24 + 19*x**3/6 - x**2/2 + 2*x. Let u(l) be the first derivative of t(l). What are the prime factors of u(9)?
2, 5
Suppose 5*h + 8 = 493. List the prime factors of h.
97
Suppose -r - 4*r + 30 = 0. Suppose -3*u - 15 = -r*u. What are the prime factors of u?
5
Let s = 52 + -28. What are the prime factors of s?
2, 3
Suppose 5*h - 81 = -4*k, -4*h - 15 = -7*h. Suppose -80 + k = -3*o. List the prime factors of o.
2, 11
Suppose -2*x - 2*o = 2, 0 = 5*x - 3*o + 4*o + 1. Suppose 0 = 5*v - x*v. Suppose -2*h - 2 = v, 0*z - 3*z = -2*h - 23. List the prime factors of z.
7
Let f(y) = y**2 - 5*y - 2. Let m be f(4). Let z be (m/(-4))/(3/4). Suppose -5*c = 4*o - 56, z*o - 32 = -3*c - 0*o. What are the prime factors of c?
2
Suppose 3*x - x + 1 = m, -5*m - 2*x = -5. Let t(q) = 13*q + 7*q - 5*q + 5*q. What are the prime factors of t(m)?
2, 5
Suppose -18 = -3*f + 3*x - 72, -3*f = 5*x + 30. Let g be (-51)/f + 2/(-5). Suppose -7 = -t - g. What are the prime factors of t?
2
Suppose -3*s + 53 = -19. What are the prime factors of s?
2, 3
Let w(c) = -c**3 + 11*c**2 + 2*c - 2. Let s be w(11). Let i = s + -13. What are the prime factors of i?
7
Suppose -4*r - g + 5*g + 1372 = 0, -r - 2*g + 346 = 0. List the prime factors of r.
2, 43
Let v be 6/(-9) + (-52)/3. Let s = v + 26. Suppose x + s = 3*l + 3, -3*x + 27 = 5*l. List the prime factors of l.
3
Let o be -2 + (3 - -2) + -2. Let c(f) = 14*f**2 + f. Let r be c(o). Suppose t - r = 2. List the prime factors of t.
17
Let d be (1/(-2))/(12/(-168)). Suppose 4*r = 5*n - 108, -d*n + 135 = -2*n + 5*r. List the prime factors of n.
2, 3
Let c be 0 - (-3)/(3 - 0). List the prime factors of (0 + -5)*c*-1.
5
Let v be 1/(((-8)/10)/(-4)). Suppose 0 = -2*u - 4*s - 4, 3*u + s - 4 = v. List the prime factors of 135/12 - 1/u.
11
Let y(t) = t**2 - 5*t - 6. Let j be y(7). List the prime factors of 1*j*(-20)/(-16).
2, 5
What are the prime factors of (-18)/4*(-52)/3?
2, 3, 13
Suppose 3*t - 2*w = t + 6, -3*w = -t + 13. Let j be 2*t/(-4)*-3. List the prime factors of j*2/(-12)*14.
7
Suppose -h - 12 = -52. Suppose -12 = n - h. What are the prime factors of n?
2, 7
Suppose 16 = -4*b - 0*b. List the prime factors of 0 - (2 + b + -12).
2, 7
Let f(x) = -2*x**2 + 3*x**2 - 3 - 4*x**2 + 4*x**2 + x. What are the prime factors of f(-4)?
3
Let s(y) = -2 - 5*y + 2*y + y. List the prime factors of s(-4).
2, 3
What are the prime factors of (-58 - -61) + (-1)/((-2)/634)?
2, 5
Suppose -3*f + 15 = 3*t, -f - 4 = 4*t - 6*t. Suppose 0 = -f*w + 15 + 13. Suppose -3*a + w = m, -5*a + 6*m - 4*m = -16. List the prime factors of a.
2
Let o(k) be the third derivative of 3/20*k**5 + 0*k + 1/24*k**4 + 0 - 2*k**2 + 1/6*k**3. List the prime factors of o(-1).
3
Suppose 2*v = 5*p + 182, -4*v + 3*p - p + 348 = 0. List the prime factors of v.
2, 43
Let z be (-1)/(((-6)/3)/8). Suppose -3 = -5*t + z*t. What are the prime factors of t?
3
Let j = 4 - -5. Let n(a) = -a**3 + 9*a**2 + a - 5. Let o be n(j). Suppose -g + o*u = -29, 4*g + 0*g - 2*u = 46. What are the prime factors of g?
3
Suppose -16 = 4*u, 4*d = 3*d + 3*u + 74. List the prime factors of d.
2, 31
Suppose -2*b + b + 233 = 0. What are the prime factors of b?
233
Let x(u) = 8*u**3 + 2*u**2 - 3*u + 2. What are the prime factors of x(2)?
2, 17
Suppose -1 = -l + 1. Suppose z - 5*z = -5*g - 63, 18 = z - l*g. What are the prime factors of z?
2, 3
Let r(g) = g**2 + 3*g - 5. Let z be r(4). Let y = z + -11. List the prime factors of y.
2, 3
Let z(u) = u**3 + 7*u**2 + 3. Let t be z(-7). Suppose 0 = t*j - 0*j + 3*c - 39, -2*j - c + 23 = 0. What are the prime factors of j?
2, 5
Suppose 0 = -7*k + 177 - 2. What are the prime factors of k?
5
Let d(o) = -2 - 1 - o**2 - 6*o - 1. Let l be 5/(15/(-4))*3. What are the prime factors of d(l)?
2
Let a(s) = 3*s - 7. What are the prime factors of a(6)?
11
Let l(x) = x**2 + 3*x. Suppose